te?
False
Is 941 composite?
False
Is 529229 composite?
False
Is 31087 prime?
False
Is 2362271 a composite number?
False
Is 81707 composite?
False
Is 1243 a composite number?
True
Is 188891 a composite number?
False
Is 733 composite?
False
Is 9902 a prime number?
False
Is 13781 composite?
False
Is 12895 prime?
False
Is 50359 composite?
False
Is 9094 a prime number?
False
Is 771967 composite?
True
Is 3463 composite?
False
Is 68351 composite?
False
Is 27143 a composite number?
False
Is 3593 a composite number?
False
Is 1069 a prime number?
True
Is 28513 a prime number?
True
Is 27427 composite?
False
Is 20289 a prime number?
False
Is 45053 prime?
True
Is 12881 prime?
False
Is 70823 composite?
False
Is 39365 prime?
False
Is 586979 composite?
False
Is 10799 composite?
False
Is 253019 prime?
False
Is 47111 prime?
True
Is 13733 a composite number?
True
Is 241117 a prime number?
True
Is 44903 a composite number?
True
Is 79939 composite?
False
Is 70607 composite?
False
Is 4441 a composite number?
False
Is 369995 a composite number?
True
Is 17887 a composite number?
True
Is 111119 a composite number?
False
Is 65153 composite?
True
Is 2767 prime?
True
Is 15539 a composite number?
True
Is 2352031 a prime number?
False
Is 37751 prime?
False
Is 45587 composite?
False
Is 941 a composite number?
False
Is 12469 a prime number?
False
Is 8063 prime?
False
Is 12143 composite?
False
Is 11963 composite?
True
Is 4831949 a composite number?
False
Is 159979 a prime number?
True
Is 31699 a composite number?
False
Is 28383 a composite number?
True
Is 4603921 a prime number?
False
Is 19121 composite?
False
Is 86977 composite?
True
Is 345211 composite?
True
Is 441431 composite?
True
Is 96493 composite?
False
Is 25078 a prime number?
False
Is 406622 a composite number?
True
Is 122117 a composite number?
False
Is 20177 a composite number?
False
Is 85847 a composite number?
False
Is 139267 prime?
True
Is 2041 a prime number?
False
Is 373 composite?
False
Is 10421 prime?
False
Is 121211 a prime number?
False
Is 1521113 prime?
False
Is 204427 prime?
True
Is 434438 prime?
False
Is 3437 composite?
True
Is 7903 prime?
False
Is 1067 composite?
True
Is 231047 a composite number?
True
Is 3369617 prime?
True
Is 42321 a composite number?
True
Is 15503 a prime number?
False
Is 47254 a prime number?
False
Is 141293 composite?
True
Is 2605 a composite number?
True
Is 5297 a prime number?
True
Is 163783 a composite number?
True
Is 750041 a prime number?
False
Is 26083 a composite number?
False
Is 39659 prime?
True
Is 1020223 prime?
True
Is 25393 prime?
False
Is 11789 a prime number?
True
Is 2058371 a composite number?
True
Is 72731 a composite number?
True
Is 13267 prime?
True
Is 104245 composite?
True
Is 733 composite?
False
Is 20161 a prime number?
True
Is 12181 prime?
False
Is 3587 composite?
True
Is 114527 a prime number?
False
Is 42509 a composite number?
False
Is 109034 prime?
False
Is 11657 a prime number?
True
Is 143387 prime?
True
Is 65761 composite?
False
Is 4189 composite?
True
Is 8285 composite?
True
Is 12151 a prime number?
False
Is 245029 composite?
False
Is 175283 prime?
False
Is 6769 a prime number?
False
Is 194461 a prime number?
False
Is 171383 composite?
False
Is 710422 a composite number?
True
Is 55 a prime number?
False
Is 422134 prime?
False
Is 5257 prime?
False
Is 191377 composite?
True
Is 45037 a prime number?
False
Is 203369 composite?
True
Is 2435929 composite?
False
Is 413233 prime?
True
Is 102043 prime?
True
Is 831967 composite?
False
Is 35719 prime?
False
Is 19517 prime?
False
Is 141 a composite number?
True
Is 2486203 prime?
True
Is 16673 prime?
True
Is 45607 a composite number?
True
Is 1277 prime?
True
Is 22703 composite?
True
Is 154387 prime?
True
Is 13501 composite?
True
Is 701 a prime number?
True
Is 326 a prime number?
False
Is 688651 composite?
True
Is 297443 composite?
True
Is 4195 a prime number?
False
Is 641 prime?
True
Is 662705 prime?
False
Is 2179 composite?
False
Is 817661 composite?
True
Is 9491 a composite number?
False
Is 12311 a prime number?
False
Is 24721 a composite number?
True
Is 12757 prime?
True
Is 608339 prime?
True
Is 11651 a composite number?
True
Is 196961 a composite number?
False
Is 699 prime?
False
Is 11249 composite?
True
Is 45817 a composite number?
False
Is 223543 a prime number?
True
Is 9127 a composite number?
False
Is 1980215 a prime number?
False
Is 811729 a composite number?
False
Is 7609 prime?
False
Is 17221 a composite number?
True
Is 73561 composite?
False
Is 477491 prime?
False
Is 197783 a composite number?
True
Is 480793 composite?
True
Is 24329 prime?
True
Is 41213 composite?
False
Is 3327 prime?
False
Is 74701 a prime number?
False
Is 437281 a composite number?
True
Is 88289 a prime number?
True
Is 15569 prime?
True
Is 108443 a prime number?
False
Is 287 a composite number?
True
Is 1070409 prime?
False
Is 5906 a composite number?
True
Is 3497 a prime number?
False
Is 556159 composite?
False
Is 582793 a prime number?
True
Is 15829 a prime number?
False
Is 183119 a composite number?
False
Is 3511 composite?
False
Is 74969 prime?
False
Is 45007 composite?
False
Is 8329 a composite number?
False
Is 35771 a composite number?
False
Is 552633 a composite number?
True
Is 16333 a composite number?
False
Is 932471 prime?
True
Is 11771 composite?
True
Is 8819 prime?
True
Is 300085 prime?
False
Is 57337 a composite number?
True
Is 6247 composite?
False
Is 123167 a composite number?
True
Is 1738781 composite?
True
Is 7217 composite?
True
Is 2595389 a prime number?
False
Is 43961 a prime number?
True
Is 1653101 a composite number?
False
Is 38581 a composite number?
True
Is 90995 a composite number?
True
Is 17827 a composite number?
False
Is 203 a composite number?
True
Is 68873 a composite number?
True
Is 46619 a composite number?
False
Is 4385 a composite number?
True
Is 1673 a prime number?
False
Is 8593 composite?
True
Is 84299 a prime number?
True
Is 103913 a prime number?
True
Is 140977 composite?
False
Is 25399 prime?
False
Is 5773 a composite number?
True
Is 105467 prime?
True
Is 32569 a prime number?
True
Is 64393 prime?
False
Is 114697 a prime number?
False
Is 566915 a prime number?
False
Is 115 a composite number?
True
Is 98597 a composite number?
False
Is 177391 a composite number?
True
Is 82651 composite?
False
Is 82651 prime?
True
Is 2426 composite?
True
Is 21941 a prime number?
False
Is 816317 composite?
False
Is 58451 a composite number?
False
Is 197189 a prime number?
False
Is 24607 composite?
True
Is 919 composite?
False
Is 6679 a composite number?
False
Is 48617 a prime number?
False
Is 11159 composite?
False
Is 3377695 prime?
False
Is 60161 a composite number?
False
Is 80347 a composite number?
False
Is 8263 composite?
False
Is 12385 a composite number?
True
Is 499879 a prime number?
True
Is 1390123 a prime number?
False
Is 920143 a prime number?
False
Is 211 a prime number?
True
Is 33421 prime?
False
Is 110221 composite?
False
Is 1109723 a prime number?
True
Is 43427 prime?
True
Is 56249 prime?
True
Is 158 a prime number?
False
Is 304613 prime?
False
Is 3019 a prime number?
True
Is 35251 a prime number?
True
Is 15101 composite?
False
Is 187531 prime?
True
Is 92821 a prime number?
True
Is 59803 a composite number?
True
Is 4714 a prime number?
False
Is 4729 a composite number?
False
Is 362567 composite?
True
Is 120719 a prime number?
False
Is 15959 a composite number?
False
Is 162037 a composite number?
True
Is 6121 a prime number?
True
Is 4907623 composite?
True
Is 156019 a composite number?
False
Is 5779 prime?
True
Is 171827 composite?
False
Is 10663 a prime number?
True
Is 587 a composite number?
False
Is 104693 a prime number?
True
Is 404927 composite?
True
Is 1637 a prime number?
True
Is 14953 a prime number?
False
Is 251387 a composite number?
False
Is 317279 composite?
False
Is 94291 a prime number?
True
Is 5359 a prime number?
False
Is 240853 composite?
False
Is 1298641 prime?
True
Is 41653 composite?
True
Is 59441 prime?
True
Is 128657 prime?
True
Is 921 composite?
True
Is 34631 prime?
True
Is 6779 a prime number?
True
Is 27273 a prime number?
False
Is 596531 prime?
False
Is 457597 composite?
True
Is 1631101 a prime number?
True
Is 14243 composite?
False
Is 25013 prime?
True
Is 2609 a composite 